{"id":33,"date":"2024-08-05T15:53:23","date_gmt":"2024-08-05T20:53:23","guid":{"rendered":"http:\/\/www.aopa.co\/?page_id=33"},"modified":"2024-08-05T16:36:44","modified_gmt":"2024-08-05T21:36:44","slug":"logros","status":"publish","type":"page","link":"https:\/\/www.aopa.co\/?page_id=33","title":{"rendered":"Logros"},"content":{"rendered":"\n<p class=\"has-text-align-center\"><strong>Programa de trabajo 2024<\/strong><\/p>\n\n\n\n<div class=\"wp-block-columns is-layout-flex wp-container-core-columns-is-layout-28f84493 wp-block-columns-is-layout-flex\">\n<div class=\"wp-block-column is-layout-flow wp-block-column-is-layout-flow\">\n<p>Se est\u00e1 trabajando por la sensibilizaci\u00f3n del peligro que representa la construcci\u00f3n de viviendas en la trayectoria de salida o aproximaci\u00f3n del aeropuerto de Guaymaral (SKGY)<\/p>\n<\/div>\n\n\n\n<div class=\"wp-block-column is-layout-flow wp-block-column-is-layout-flow\">\n<p>Se contrat\u00f3 un estudio para la&nbsp;evaluaci\u00f3n del riesgo de colisi\u00f3n entre aeronaves y edificaci\u00f3n en el entorno del aeropuerto&nbsp;Flaminio&nbsp;Suarez Camacho (Guaymaral) \u2013 SKGY &nbsp;Ch\u00eda,&nbsp;Cundinamarca&nbsp;<\/p>\n<\/div>\n\n\n\n<div class=\"wp-block-column is-layout-flow wp-block-column-is-layout-flow\">\n<p>El RAC 61 entra en vigor en julio de 2026, mientras tanto,&nbsp;&nbsp;Se pueden emitir licencias bajo el RAC 2 y EL RAC 61, con nomenclatura del RAC 2.<\/p>\n<\/div>\n<\/div>\n\n\n\n<p class=\"has-text-align-center\"><strong>Logros 2020-2024<\/strong><\/p>\n\n\n\n<div class=\"wp-block-columns is-layout-flex wp-container-core-columns-is-layout-28f84493 wp-block-columns-is-layout-flex\">\n<div class=\"wp-block-column is-layout-flow wp-block-column-is-layout-flow\">\n<p>Cancelaci\u00f3n NOTAM prohibici\u00f3n de circular a las pistas 02\/20 en Armenia (SKAR)<\/p>\n\n\n\n<p>Cartagena&nbsp;tenia&nbsp;prohibido hacer toques y despegues, se&nbsp;logro&nbsp;que queda prohibido entre las 16:00 y las 19:00. Est\u00e1 por NOTAM y en el pr\u00f3ximo ciclo AIRAC sale el cambio en el AIP de CTG<\/p>\n\n\n\n<p><strong>\u201cROPA ADECUADA PARA VOLAR<\/strong>\u201d: Se protegi\u00f3 el derecho de los pilotos de aviaci\u00f3n general a no llevar uniformes.<\/p>\n\n\n\n<p><strong>EXIGENCIA DE PESO Y BALANCE&nbsp;<\/strong>en los aeropuertos de la concesi\u00f3n NORORIENTE, se&nbsp;aclar\u00f3&nbsp;que no aplica para aviones de aviaci\u00f3n general por debajo de 5700 kg.<\/p>\n\n\n\n<p><strong>TRANSPORTE DE VALORES&nbsp;<\/strong>en Aviaci\u00f3n general: Se di\u00f3 claridad al tema aclarando que no aplica para aviones privados.<\/p>\n\n\n\n<p><strong>PROCEDIMIENTO INGRESO AERONAVES<\/strong>: RAC permiso de ingreso de 48 HORAS aviones extranjeros.<\/p>\n\n\n\n<p>Se logr\u00f3 la flexibilizaci\u00f3n requisitos de vuelos demostraci\u00f3n CI 5103-082-035<\/p>\n<\/div>\n\n\n\n<div class=\"wp-block-column is-layout-flow wp-block-column-is-layout-flow\">\n<p>Se cancel\u00f3 el NOTAM que exig\u00eda presentaci\u00f3n de plan de vuelo de ida y regreso en operaciones desde, hacia y entre aer\u00f3dromos no controlados.<\/p>\n\n\n\n<p><strong>AIC A03\/16 C03\/16&nbsp;<\/strong>Hora&nbsp;l\u00edmite&nbsp;de operaci\u00f3n en aer\u00f3dromos no iluminados: Se logr\u00f3 su cancelaci\u00f3n.<\/p>\n\n\n\n<p><strong>EXIGENCIA DE CARN\u00c9S.&nbsp;<\/strong>Se presentaron m\u00faltiples derechos de petici\u00f3n \u2013AIRPLAN, ya no se est\u00e1 realizando el cobro de estos y \u00faltimamente no lo est\u00e1n exigiendo.<\/p>\n\n\n\n<p><strong>ESTANDARIZACI\u00d3N PROCEDIMIENTOS<\/strong><\/p>\n\n\n\n<p>Se trabaja de la mano con la Direcci\u00f3n de Servicios a la Navegaci\u00f3n para que exista uniformidad en los procedimientos y se de aplicaci\u00f3n al RAC91.<\/p>\n\n\n\n<p><strong>APLAZAMIENTO ADS-B<\/strong>: Se logr\u00f3 el Aplazamiento del ADS-B -24.000ft para AG.&nbsp;Se trabaja para que no se tenga que presentar estudio de ingenieria en instalaci\u00f3n STC.<\/p>\n<\/div>\n\n\n\n<div class=\"wp-block-column is-layout-flow wp-block-column-is-layout-flow\">\n<p><strong>AIP SUP C32\/21&nbsp;<\/strong>Estaci\u00f3n de servicio de vuelo: Se logr\u00f3 la correcci\u00f3n del numeral 10.1 en el cual no permit\u00eda la correcci\u00f3n de los planes de vuelo por alg\u00fan error en su presentaci\u00f3n.<\/p>\n\n\n\n<p><strong>CI-101-T-26 &#8211; Extensi\u00f3n TBO motores<\/strong>: Se logr\u00f3 su derogaci\u00f3n despu\u00e9s de varios derechos de petici\u00f3n y mesas de trabajo. Excluyendo las potestades de aprobaci\u00f3n de la Aerocivil trasladando la responsabilidad a los operadores y talleres.<\/p>\n\n\n\n<p>Durante la pandemia se enviaron varias comunicaciones a la presidencia de la&nbsp;rep\u00fablica, a la ministra de transporte y a la AEROCIVIL abogando por la reactivaci\u00f3n de los centros de instrucci\u00f3n y de la aviaci\u00f3n general.<\/p>\n\n\n\n<p><strong>AIP SKCG USO COORDINADO FBO<\/strong>: Varios derechos de petici\u00f3n, mesas de trabajo, conceptos cobre atribuciones de las licencias PPA\/PCA. Se logr\u00f3 el ajuste del texto en el AIP, que fue publicado en el siguiente ciclo AIRAC, la variaci\u00f3n fue publicada el 6 de mayo de 2021 y entr\u00f3 en vigor el 17 de junio del mismo a\u00f1o.<\/p>\n<\/div>\n<\/div>\n","protected":false},"excerpt":{"rendered":"<p>Programa de trabajo 2024 Se est\u00e1 trabajando por la sensibilizaci\u00f3n del peligro que representa la construcci\u00f3n de viviendas en la trayectoria de salida o aproximaci\u00f3n del aeropuerto de Guaymaral (SKGY) Se contrat\u00f3 un estudio para la&nbsp;evaluaci\u00f3n del riesgo de colisi\u00f3n entre aeronaves y edificaci\u00f3n en el entorno del aeropuerto&nbsp;Flaminio&nbsp;Suarez Camacho (Guaymaral) \u2013 SKGY &nbsp;Ch\u00eda,&nbsp;Cundinamarca&nbsp; El [&hellip;]<\/p>\n","protected":false},"author":1,"featured_media":59,"parent":0,"menu_order":0,"comment_status":"closed","ping_status":"closed","template":"","meta":{"footnotes":""},"class_list":["post-33","page","type-page","status-publish","has-post-thumbnail","hentry"],"_links":{"self":[{"href":"https:\/\/www.aopa.co\/index.php?rest_route=\/wp\/v2\/pages\/33","targetHints":{"allow":["GET"]}}],"collection":[{"href":"https:\/\/www.aopa.co\/index.php?rest_route=\/wp\/v2\/pages"}],"about":[{"href":"https:\/\/www.aopa.co\/index.php?rest_route=\/wp\/v2\/types\/page"}],"author":[{"embeddable":true,"href":"https:\/\/www.aopa.co\/index.php?rest_route=\/wp\/v2\/users\/1"}],"replies":[{"embeddable":true,"href":"https:\/\/www.aopa.co\/index.php?rest_route=%2Fwp%2Fv2%2Fcomments&post=33"}],"version-history":[{"count":4,"href":"https:\/\/www.aopa.co\/index.php?rest_route=\/wp\/v2\/pages\/33\/revisions"}],"predecessor-version":[{"id":72,"href":"https:\/\/www.aopa.co\/index.php?rest_route=\/wp\/v2\/pages\/33\/revisions\/72"}],"wp:featuredmedia":[{"embeddable":true,"href":"https:\/\/www.aopa.co\/index.php?rest_route=\/wp\/v2\/media\/59"}],"wp:attachment":[{"href":"https:\/\/www.aopa.co\/index.php?rest_route=%2Fwp%2Fv2%2Fmedia&parent=33"}],"curies":[{"name":"wp","href":"https:\/\/api.w.org\/{rel}","templated":true}]}}